{"id":3071,"date":"2017-10-12T12:18:32","date_gmt":"2017-10-12T11:18:32","guid":{"rendered":"http:\/\/wisla.skoczow.pl\/?page_id=3071"},"modified":"2026-09-01T10:11:16","modified_gmt":"2026-09-01T09:11:16","slug":"juniorki-ml-kadra-u16","status":"publish","type":"page","link":"http:\/\/wisla.skoczow.pl\/?page_id=3071","title":{"rendered":"Trampkarki U15 &#8211; \u015aL\u0104SKA LIGA TRAMPKAREK"},"content":{"rendered":"\n<div class=\"wp-block-columns is-layout-flex wp-container-core-columns-is-layout-7387b849 wp-block-columns-is-layout-flex\">\n<div class=\"wp-block-column is-layout-flow wp-block-column-is-layout-flow\">\n<p class=\"has-text-align-center wp-block-paragraph\"><strong>SEZON: 2026\/2027 Rocznik: 2012\/2013  Trener: Klaudia Bogacka<\/strong><\/p>\n\n\n\n<figure class=\"wp-block-image aligncenter size-full\"><img loading=\"lazy\" decoding=\"async\" width=\"1372\" height=\"617\" src=\"http:\/\/wisla.skoczow.pl\/wp-content\/uploads\/2026\/09\/obraz-3.png\" alt=\"\" class=\"wp-image-66230\" srcset=\"http:\/\/wisla.skoczow.pl\/wp-content\/uploads\/2026\/09\/obraz-3.png 1372w, http:\/\/wisla.skoczow.pl\/wp-content\/uploads\/2026\/09\/obraz-3-300x135.png 300w, http:\/\/wisla.skoczow.pl\/wp-content\/uploads\/2026\/09\/obraz-3-1024x461.png 1024w, http:\/\/wisla.skoczow.pl\/wp-content\/uploads\/2026\/09\/obraz-3-768x345.png 768w, http:\/\/wisla.skoczow.pl\/wp-content\/uploads\/2026\/09\/obraz-3-128x58.png 128w, http:\/\/wisla.skoczow.pl\/wp-content\/uploads\/2026\/09\/obraz-3-32x14.png 32w\" sizes=\"auto, (max-width: 1372px) 100vw, 1372px\" \/><\/figure>\n<\/div>\n<\/div>\n\n\n\n<p class=\"has-text-align-center wp-block-paragraph\"><strong>Terminarz\/wyniki &#8211; I liga wojew\u00f3dzka C1 Trampkarki &#8222;\u015al\u0105ska Liga Trampkarek&#8221;<\/strong><\/p>\n\n\n\n<figure class=\"wp-block-image aligncenter size-full\"><img loading=\"lazy\" decoding=\"async\" width=\"836\" height=\"51\" src=\"http:\/\/wisla.skoczow.pl\/wp-content\/uploads\/2026\/09\/obraz-4.png\" alt=\"\" class=\"wp-image-66232\" srcset=\"http:\/\/wisla.skoczow.pl\/wp-content\/uploads\/2026\/09\/obraz-4.png 836w, http:\/\/wisla.skoczow.pl\/wp-content\/uploads\/2026\/09\/obraz-4-300x18.png 300w, http:\/\/wisla.skoczow.pl\/wp-content\/uploads\/2026\/09\/obraz-4-768x47.png 768w, http:\/\/wisla.skoczow.pl\/wp-content\/uploads\/2026\/09\/obraz-4-128x8.png 128w, http:\/\/wisla.skoczow.pl\/wp-content\/uploads\/2026\/09\/obraz-4-32x2.png 32w\" sizes=\"auto, (max-width: 836px) 100vw, 836px\" \/><\/figure>\n\n\n\n<figure class=\"wp-block-image aligncenter size-full\"><img loading=\"lazy\" decoding=\"async\" width=\"812\" height=\"541\" src=\"http:\/\/wisla.skoczow.pl\/wp-content\/uploads\/2026\/09\/obraz-5.png\" alt=\"\" class=\"wp-image-66233\" srcset=\"http:\/\/wisla.skoczow.pl\/wp-content\/uploads\/2026\/09\/obraz-5.png 812w, http:\/\/wisla.skoczow.pl\/wp-content\/uploads\/2026\/09\/obraz-5-300x200.png 300w, http:\/\/wisla.skoczow.pl\/wp-content\/uploads\/2026\/09\/obraz-5-768x512.png 768w, http:\/\/wisla.skoczow.pl\/wp-content\/uploads\/2026\/09\/obraz-5-128x85.png 128w, http:\/\/wisla.skoczow.pl\/wp-content\/uploads\/2026\/09\/obraz-5-32x21.png 32w\" sizes=\"auto, (max-width: 812px) 100vw, 812px\" \/><\/figure>\n","protected":false},"excerpt":{"rendered":"<p>SEZON: 2026\/2027 Rocznik: 2012\/2013 Trener: Klaudia Bogacka Terminarz\/wyniki &#8211; I liga wojew\u00f3dzka C1 Trampkarki &#8222;\u015al\u0105ska Liga Trampkarek&#8221;<\/p>\n","protected":false},"author":1,"featured_media":0,"parent":0,"menu_order":0,"comment_status":"closed","ping_status":"closed","template":"","meta":{"ngg_post_thumbnail":0,"footnotes":""},"class_list":["post-3071","page","type-page","status-publish","hentry"],"featured_image_url":[],"post_author":"admin","assigned_categories":"","_links":{"self":[{"href":"http:\/\/wisla.skoczow.pl\/index.php?rest_route=\/wp\/v2\/pages\/3071","targetHints":{"allow":["GET"]}}],"collection":[{"href":"http:\/\/wisla.skoczow.pl\/index.php?rest_route=\/wp\/v2\/pages"}],"about":[{"href":"http:\/\/wisla.skoczow.pl\/index.php?rest_route=\/wp\/v2\/types\/page"}],"author":[{"embeddable":true,"href":"http:\/\/wisla.skoczow.pl\/index.php?rest_route=\/wp\/v2\/users\/1"}],"replies":[{"embeddable":true,"href":"http:\/\/wisla.skoczow.pl\/index.php?rest_route=%2Fwp%2Fv2%2Fcomments&post=3071"}],"version-history":[{"count":100,"href":"http:\/\/wisla.skoczow.pl\/index.php?rest_route=\/wp\/v2\/pages\/3071\/revisions"}],"predecessor-version":[{"id":66235,"href":"http:\/\/wisla.skoczow.pl\/index.php?rest_route=\/wp\/v2\/pages\/3071\/revisions\/66235"}],"wp:attachment":[{"href":"http:\/\/wisla.skoczow.pl\/index.php?rest_route=%2Fwp%2Fv2%2Fmedia&parent=3071"}],"curies":[{"name":"wp","href":"https:\/\/api.w.org\/{rel}","templated":true}]}}

Trampkarki U15 &#8211; ŚLĄSKA LIGA TRAMPKAREK

<div class="wp-block-columns is-layout-flex wp-container-core-columns-is-layout-7387b849 wp-block-columns-is-layout-flex">
<div class="wp-block-column is-layout-flow wp-block-column-is-layout-flow">
<p class="has-text-align-center wp-block-paragraph"><strong>SEZON: 2026/2027 Rocznik: 2012/2013  Trener: Klaudia Bogacka</strong></p>



<figure class="wp-block-image aligncenter size-full"><img loading="lazy" decoding="async" width="1372" height="617" src="http://wisla.skoczow.pl/wp-content/uploads/2026/09/obraz-3.png" alt="" class="wp-image-66230" srcset="http://wisla.skoczow.pl/wp-content/uploads/2026/09/obraz-3.png 1372w, http://wisla.skoczow.pl/wp-content/uploads/2026/09/obraz-3-300x135.png 300w, http://wisla.skoczow.pl/wp-content/uploads/2026/09/obraz-3-1024x461.png 1024w, http://wisla.skoczow.pl/wp-content/uploads/2026/09/obraz-3-768x345.png 768w, http://wisla.skoczow.pl/wp-content/uploads/2026/09/obraz-3-128x58.png 128w, http://wisla.skoczow.pl/wp-content/uploads/2026/09/obraz-3-32x14.png 32w" sizes="auto, (max-width: 1372px) 100vw, 1372px" /></figure>
</div>
</div>



<p class="has-text-align-center wp-block-paragraph"><strong>Terminarz/wyniki &#8211; I liga wojewódzka C1 Trampkarki &#8222;Śląska Liga Trampkarek&#8221;</strong></p>



<figure class="wp-block-image aligncenter size-full"><img loading="lazy" decoding="async" width="836" height="51" src="http://wisla.skoczow.pl/wp-content/uploads/2026/09/obraz-4.png" alt="" class="wp-image-66232" srcset="http://wisla.skoczow.pl/wp-content/uploads/2026/09/obraz-4.png 836w, http://wisla.skoczow.pl/wp-content/uploads/2026/09/obraz-4-300x18.png 300w, http://wisla.skoczow.pl/wp-content/uploads/2026/09/obraz-4-768x47.png 768w, http://wisla.skoczow.pl/wp-content/uploads/2026/09/obraz-4-128x8.png 128w, http://wisla.skoczow.pl/wp-content/uploads/2026/09/obraz-4-32x2.png 32w" sizes="auto, (max-width: 836px) 100vw, 836px" /></figure>



<figure class="wp-block-image aligncenter size-full"><img loading="lazy" decoding="async" width="812" height="541" src="http://wisla.skoczow.pl/wp-content/uploads/2026/09/obraz-5.png" alt="" class="wp-image-66233" srcset="http://wisla.skoczow.pl/wp-content/uploads/2026/09/obraz-5.png 812w, http://wisla.skoczow.pl/wp-content/uploads/2026/09/obraz-5-300x200.png 300w, http://wisla.skoczow.pl/wp-content/uploads/2026/09/obraz-5-768x512.png 768w, http://wisla.skoczow.pl/wp-content/uploads/2026/09/obraz-5-128x85.png 128w, http://wisla.skoczow.pl/wp-content/uploads/2026/09/obraz-5-32x21.png 32w" sizes="auto, (max-width: 812px) 100vw, 812px" /></figure>

<p>SEZON: 2026/2027 Rocznik: 2012/2013 Trener: Klaudia Bogacka Terminarz/wyniki &#8211; I liga wojewódzka C1 Trampkarki &#8222;Śląska Liga Trampkarek&#8221;</p>
