{"id":5184,"date":"2020-02-02T13:23:32","date_gmt":"2020-02-02T12:23:32","guid":{"rendered":"http:\/\/wisla.skoczow.pl\/?page_id=5184"},"modified":"2024-02-19T16:03:49","modified_gmt":"2024-02-19T15:03:49","slug":"kalendarz-imprez","status":"publish","type":"page","link":"http:\/\/wisla.skoczow.pl\/?page_id=5184","title":{"rendered":"Kalendarz imprez"},"content":{"rendered":"<p><strong>ROK 2024<\/strong><\/p>\n<ul style=\"list-style-type: disc;\">\n<li><strong>15.02.2025<\/strong> &#8222;WALENTYNKI CUP 2025&#8221; im. Katarzyny Moska\u0142y (V edycja) &#8211; halowa pi\u0142ka no\u017cna (4+1)<\/li>\n<li><strong>06.04.2024<\/strong> &#8222;IV WIOSENNY TURNIEJ BADMINTONA&#8221; &#8211; gra mieszana OPEN &#8211; badminton<\/li>\n<li><strong>08.06.2024<\/strong> &#8222;PUCHAR KAPLIC\u00d3WKI 2024&#8221; (VI edycja), gra podw\u00f3jna m\u0119\u017cczyzn, gra pojedyncza kobiet\/dziewcz\u0105t\/ch\u0142opc\u00f3w &#8211; badminton<\/li>\n<li><strong>15.06.2024<\/strong> &#8222;PIKNIK SPORTOWY KKS WIS\u0141A SKOCZ\u00d3W&#8221; &#8211; Dzie\u0144 zawodniczki, podsumowanie sezonu<\/li>\n<li><strong>10.08.2024<\/strong> &#8222;PUCHAR RZEKI WIS\u0141Y 2024&#8221; (XII edycja) &#8211; pi\u0142ka no\u017cna na trawie (7+1)<\/li>\n<li><strong>01.10.2024<\/strong> &#8222;PUCHAR GRODZISKA PIEKIE\u0141KO 2024&#8221; (IX edycja), dla szk\u00f3\u0142 podstawowych, U11 (klasy 1-4)<\/li>\n<li><strong>07.12.2024 <\/strong>&#8222;IV TURNIEJ MIKO\u0141AJKOWY&#8221;- gry podw\u00f3jne i mieszane OPEN &#8211; badminton<\/li>\n<\/ul>\n\n\n<p><\/p>\n","protected":false},"excerpt":{"rendered":"<p>ROK 2024 15.02.2025 &#8222;WALENTYNKI CUP 2025&#8221; im. Katarzyny Moska\u0142y (V edycja) &#8211; halowa pi\u0142ka no\u017cna (4+1) 06.04.2024 &#8222;IV WIOSENNY TURNIEJ BADMINTONA&#8221; &#8211; gra mieszana OPEN &#8211; badminton 08.06.2024 &#8222;PUCHAR KAPLIC\u00d3WKI 2024&#8221; (VI edycja), gra podw\u00f3jna m\u0119\u017cczyzn, gra pojedyncza kobiet\/dziewcz\u0105t\/ch\u0142opc\u00f3w &#8211; badminton 15.06.2024 &#8222;PIKNIK SPORTOWY KKS WIS\u0141A SKOCZ\u00d3W&#8221; &#8211; Dzie\u0144 zawodniczki, podsumowanie sezonu 10.08.2024 &#8222;PUCHAR RZEKI [&hellip;]<\/p>\n","protected":false},"author":1,"featured_media":0,"parent":0,"menu_order":0,"comment_status":"closed","ping_status":"open","template":"","meta":{"ngg_post_thumbnail":0,"footnotes":""},"class_list":["post-5184","page","type-page","status-publish","hentry"],"featured_image_url":[],"post_author":"admin","assigned_categories":"","_links":{"self":[{"href":"http:\/\/wisla.skoczow.pl\/index.php?rest_route=\/wp\/v2\/pages\/5184","targetHints":{"allow":["GET"]}}],"collection":[{"href":"http:\/\/wisla.skoczow.pl\/index.php?rest_route=\/wp\/v2\/pages"}],"about":[{"href":"http:\/\/wisla.skoczow.pl\/index.php?rest_route=\/wp\/v2\/types\/page"}],"author":[{"embeddable":true,"href":"http:\/\/wisla.skoczow.pl\/index.php?rest_route=\/wp\/v2\/users\/1"}],"replies":[{"embeddable":true,"href":"http:\/\/wisla.skoczow.pl\/index.php?rest_route=%2Fwp%2Fv2%2Fcomments&post=5184"}],"version-history":[{"count":34,"href":"http:\/\/wisla.skoczow.pl\/index.php?rest_route=\/wp\/v2\/pages\/5184\/revisions"}],"predecessor-version":[{"id":47644,"href":"http:\/\/wisla.skoczow.pl\/index.php?rest_route=\/wp\/v2\/pages\/5184\/revisions\/47644"}],"wp:attachment":[{"href":"http:\/\/wisla.skoczow.pl\/index.php?rest_route=%2Fwp%2Fv2%2Fmedia&parent=5184"}],"curies":[{"name":"wp","href":"https:\/\/api.w.org\/{rel}","templated":true}]}}