{"id":69,"date":"2014-11-29T20:18:44","date_gmt":"2014-11-29T19:18:44","guid":{"rendered":"http:\/\/localhost\/wp\/?page_id=69"},"modified":"2024-02-12T12:23:06","modified_gmt":"2024-02-12T11:23:06","slug":"kontakt","status":"publish","type":"page","link":"http:\/\/wisla.skoczow.pl\/?page_id=69","title":{"rendered":"Kontakt"},"content":{"rendered":"<div class=\"\" style=\"\" >\n    \n    <section class=\"u-clearfix u-section-2\" id=\"sec-fd98\">\n      <div class=\"u-clearfix u-sheet u-sheet-1\">\n        <div class=\"u-clearfix u-expanded-width u-layout-wrap u-layout-wrap-1\">\n          <div class=\"u-layout\">\n            <div class=\"u-layout-row\">\n              <div class=\"u-container-style u-layout-cell u-size-30 u-layout-cell-1\">\n                <div class=\"u-container-layout u-container-layout-1\">\n                  <img decoding=\"async\" class=\"u-image u-image-contain u-image-default u-image-1\" src=\"http:\/\/wisla.skoczow.pl\/wp-content\/uploads\/2024\/02\/herb_KKS.png\" alt=\"\" data-image-width=\"460\" data-image-height=\"466\">\n                <\/div>\n              <\/div>\n              <div class=\"u-container-style u-layout-cell u-size-30 u-layout-cell-2\">\n                <div class=\"u-container-layout u-container-layout-2\">\n                  <h4 class=\"u-text u-text-default u-text-1\"> Kobiecy Klub Sportowy \u201cWis\u0142a\u201d w Skoczowie<br>ul. Bielska 34, 43-430 Skocz\u00f3w<br>NIP: 548-257-83-19<br>\n                    <br>Barwy: niebiesko-czerwono-\u017c\u00f3\u0142te<br>\n                    <br>Konto: 85 8126 0007 0000 8019 2000 0020<br>\u2013 Bank Sp\u00f3\u0142dzielczy w Skoczowie<br>\n                    <br>KRS: 0000319668<br>\n                    <br>Adres do korespondencji:<br>ul. Plaskowiec 17, 43-430 Skocz\u00f3w<br>\n                    <br>Osoby kontaktowe:<br>\n                    <br>SEKRETARIAT KLUBU:&nbsp;<br>kkswisla@gmail.com<br>\n                    <br>PREZES \u2013 Andrzej Fajer<br>kom: 502-270-502<br>e-mail: baza@anfa.pl<br>\n                    <br>TRENER KOORDYNATOR \u2013 Sonia Gustowska<br>kom: 794-749-522<br>e-mail: trenersonia@gmail.com\n                  <\/h4>\n                <\/div>\n              <\/div>\n            <\/div>\n          <\/div>\n        <\/div>\n      <\/div>\n    <\/section>\n    \n    \n    \n  \n<\/div>","protected":false},"excerpt":{"rendered":"<p>Kobiecy Klub Sportowy \u201cWis\u0142a\u201d w Skoczowieul. Bielska 34, 43-430 Skocz\u00f3wNIP: 548-257-83-19 Barwy: niebiesko-czerwono-\u017c\u00f3\u0142te Konto: 85 8126 0007 0000 8019 2000 0020\u2013 Bank Sp\u00f3\u0142dzielczy w Skoczowie KRS: 0000319668 Adres do korespondencji:ul. Plaskowiec 17, 43-430 Skocz\u00f3w Osoby kontaktowe: SEKRETARIAT KLUBU:&nbsp;kkswisla@gmail.com PREZES \u2013 Andrzej Fajerkom: 502-270-502e-mail: baza@anfa.pl TRENER KOORDYNATOR \u2013 Sonia Gustowskakom: 794-749-522e-mail: trenersonia@gmail.com<\/p>\n","protected":false},"author":1,"featured_media":0,"parent":0,"menu_order":0,"comment_status":"closed","ping_status":"open","template":"","meta":{"ngg_post_thumbnail":0,"footnotes":""},"class_list":["post-69","page","type-page","status-publish","hentry"],"featured_image_url":[],"post_author":"admin","assigned_categories":"","_links":{"self":[{"href":"http:\/\/wisla.skoczow.pl\/index.php?rest_route=\/wp\/v2\/pages\/69","targetHints":{"allow":["GET"]}}],"collection":[{"href":"http:\/\/wisla.skoczow.pl\/index.php?rest_route=\/wp\/v2\/pages"}],"about":[{"href":"http:\/\/wisla.skoczow.pl\/index.php?rest_route=\/wp\/v2\/types\/page"}],"author":[{"embeddable":true,"href":"http:\/\/wisla.skoczow.pl\/index.php?rest_route=\/wp\/v2\/users\/1"}],"replies":[{"embeddable":true,"href":"http:\/\/wisla.skoczow.pl\/index.php?rest_route=%2Fwp%2Fv2%2Fcomments&post=69"}],"version-history":[{"count":41,"href":"http:\/\/wisla.skoczow.pl\/index.php?rest_route=\/wp\/v2\/pages\/69\/revisions"}],"predecessor-version":[{"id":41661,"href":"http:\/\/wisla.skoczow.pl\/index.php?rest_route=\/wp\/v2\/pages\/69\/revisions\/41661"}],"wp:attachment":[{"href":"http:\/\/wisla.skoczow.pl\/index.php?rest_route=%2Fwp%2Fv2%2Fmedia&parent=69"}],"curies":[{"name":"wp","href":"https:\/\/api.w.org\/{rel}","templated":true}]}}