{"id":8287,"date":"2022-04-02T14:21:22","date_gmt":"2022-04-02T13:21:22","guid":{"rendered":"http:\/\/wisla.skoczow.pl\/?page_id=8287"},"modified":"2025-08-26T12:10:59","modified_gmt":"2025-08-26T11:10:59","slug":"komunikaty","status":"publish","type":"page","link":"http:\/\/wisla.skoczow.pl\/?page_id=8287","title":{"rendered":"Informacje"},"content":{"rendered":"\n<div class=\"wp-block-columns is-layout-flex wp-container-core-columns-is-layout-28f84493 wp-block-columns-is-layout-flex\">\n<div class=\"wp-block-column is-layout-flow wp-block-column-is-layout-flow\">\n<div class=\"wp-block-columns has-teko-font-family is-layout-flex wp-container-core-columns-is-layout-28f84493 wp-block-columns-is-layout-flex\">\n<div class=\"wp-block-column is-layout-flow wp-block-column-is-layout-flow\">\n<p class=\"has-vivid-red-color has-text-color has-link-color has-normal-font-size wp-elements-4058a1712ae8d49ba2f8e675116378c9\"><strong>NASZE ZASADY <a href=\"http:\/\/wisla.skoczow.pl\/?page_id=1969\">&gt;&gt;&gt;przeczytaj&lt;&lt;<\/a><\/strong><\/p>\n\n\n\n<p class=\"has-normal-font-size\"><span class=\"tadv-color\" style=\"color:#cf2e2e\"><strong>PRZEKA\u017b 1,5% NA KLUB KRS:&nbsp;0000 319668<\/strong><\/span> <br><a href=\"http:\/\/wisla.skoczow.pl\/?page_id=1962\" target=\"_blank\" rel=\"noreferrer noopener\">&gt;&gt;&gt;wi\u0119cej informacji&lt;&lt;&lt;<\/a><\/p>\n<\/div>\n\n\n\n<div class=\"wp-block-column is-layout-flow wp-block-column-is-layout-flow\">\n<p class=\"has-normal-font-size\"><strong><span class=\"tadv-color\" style=\"color:#cf2e2e\">RODZICU ZADBAJ O ZDROWIE<\/span> <span class=\"tadv-color\" style=\"color:#cf2e2e\">SWOJEJ<\/span> <span class=\"tadv-color\" style=\"color:#cf2e2e\">C\u00d3RKI<\/span><\/strong><br>Zalecenia zdrowotne <a href=\"http:\/\/wisla.skoczow.pl\/?page_id=5934\" target=\"_blank\" rel=\"noreferrer noopener\">&gt;&gt;&gt;wi\u0119cej informacji&lt;&lt;&lt;<\/a><br>Ubi\u00f3r sportowca <a href=\"http:\/\/wisla.skoczow.pl\/?page_id=5937\" target=\"_blank\" rel=\"noreferrer noopener\">&gt;&gt;&gt;wi\u0119cej informacji&lt;&lt;&lt;<\/a><\/p>\n<\/div>\n<\/div>\n\n\n\n<p class=\"has-primary-color has-text-color has-link-color has-teko-font-family has-large-font-size wp-elements-0ae7163be597f651c677175acac3bdbc\" style=\"line-height:1\"><strong>RODO <span class=\"tadv-color\" style=\"color:#0693e3\"><a href=\"http:\/\/wisla.skoczow.pl\/?page_id=4025\">&gt;&gt;&gt; wi\u0119cej o przetwarzaniu danych osobowych w klubie&lt;&lt;&lt;<\/a><\/span><\/strong><\/p>\n<\/div>\n<\/div>\n\n\n\n<p class=\"has-text-align-left has-vivid-red-color has-text-color has-link-color has-teko-font-family has-large-font-size wp-elements-1c74158e5e485b93f86fc9e22e0035ec\" style=\"line-height:1\"><strong>Standardy ochrony dzieci w Kobiecym Klubie Sportowym &#8222;Wis\u0142a&#8221; w Skoczowie <\/strong><br><a href=\"http:\/\/wisla.skoczow.pl\/wp-content\/uploads\/2024\/08\/Standardy-ochrony-dzieci-w-KKS-Wisla-Skoczow-Polityka-Bezpieczenstwa-Dzieci.pdf\"><strong>&gt;&gt;&gt; &#8222;Polityka Bezpiecze\u0144stwa Dzieci&#8221;<\/strong>&lt;&lt;&lt;<\/a><\/p>\n\n\n\n<p class=\"has-primary-color has-text-color has-link-color has-lato-font-family has-normal-font-size wp-elements-36c1b8d3aed14b2a4aebadd894aa9723\" style=\"line-height:1.1\">Osob\u0105 zaufan\u0105 odpowiedzialn\u0105 za ochron\u0119 dziecka i przyjmowanie zg\u0142osze\u0144 o zagro\u017ceniu dziecka oraz podejmowanie interwencji w KKS \u201cWis\u0142a\u201d <br>jest pan Maciej Gustowski (kontakt: gustowskim@gmail.com).<\/p>\n\n\n\n<p class=\"has-vivid-red-color has-text-color has-link-color has-teko-font-family has-extra-large-font-size wp-elements-ccb755dec7b720227ff21e380754a913\" style=\"line-height:1\"><strong><span class=\"tadv-color\" style=\"color:#cf2e2e\">BADANIA LEKARSKIE<\/span><\/strong><br><\/p>\n\n\n\n<p class=\"has-lato-font-family has-normal-font-size\" style=\"line-height:1.1\">Rodzice nowych zawodniczek zobowi\u0105zani s\u0105 dostarczy\u0107 aktualne badanie lekarskie o braku przeciwwskaza\u0144&nbsp;do udzia\u0142u w zaj\u0119ciach sportowych KKS \u201cWis\u0142a\u201d Skocz\u00f3w.<br><br><strong><em>Badania dopuszczaj\u0105ce zawodniczk\u0119 do rozgrywek odbywa\u0107 si\u0119 b\u0119d\u0105 raz w roku w Niepublicznym Zak\u0142adzie Opieki Zdrowotnej AGAPE-MED sp. z o. o. w Skoczowie przy al. Jana Paw\u0142a II 18.<\/em><\/strong><br><br>Najbli\u017cszy termin: <strong> ?? sierpie\u0144 2025 godz. 16:00 <\/strong><\/p>\n\n\n\n<p class=\"has-vivid-red-color has-text-color has-link-color has-teko-font-family has-extra-large-font-size wp-elements-f6b7efe8a50865e283575e0f830b26e0\"><strong><span class=\"tadv-color\" style=\"color:#cf2e2e\">OP\u0141ATY<\/span><\/strong><\/p>\n\n\n\n<p class=\"has-primary-color has-text-color has-link-color has-lato-font-family has-normal-font-size wp-elements-8e0d76fe3a4e24379f83335b82da988c\" style=\"line-height:1.1\"><strong>Dane do przelewu:&nbsp;<\/strong><br><strong>Nazwa stowarzyszenia:&nbsp;Kobiecy Klub Sportowy \u201cWis\u0142a\u201d w Skoczowie.<br><br>Konto: 85 8126 0007 0000 8019 2000 0020 \u2013 Bank Sp\u00f3\u0142dzielczy w Skoczowie<\/strong><br><strong>(tytu\u0142 przelewu: imi\u0119 i nazwisko zawodniczki oraz cel: sk\u0142adka za miesi\u0105c &#8230;\/ubezpieczenie\/ob\u00f3z)<\/strong><br><br><strong><span class=\"tadv-color\" style=\"color:#cf2e2e\">SK\u0141ADK\u0118 CZ\u0141ONKOWSK\u0104 MIESI\u0118CZN\u0104 NALE\u017bY UREGULOWA\u0106 DO 15 DNIA KA\u017bDEGO MIESI\u0104CA (opr\u00f3cz lipca)<\/span><\/strong><\/p>\n\n\n\n<p class=\"has-primary-color has-text-color has-link-color has-lato-font-family has-normal-font-size wp-elements-7a24ef35dacda7e54a9e5b5c9889884c\" style=\"line-height:1.1\"><\/p>\n\n\n\n<p class=\"has-vivid-red-color has-text-color has-link-color has-teko-font-family has-extra-large-font-size wp-elements-30c516f5156de64a1319355f972366cc\" style=\"line-height:1\"><strong><span class=\"tadv-color\" style=\"color:#cf2e2e\">FIZJOTERAPEUTA<\/span><\/strong><\/p>\n\n\n\n<p class=\"has-primary-color has-text-color has-link-color has-lato-font-family has-normal-font-size wp-elements-3ddc58c37257d2d8d22518339868e6c7\" style=\"line-height:1.1\"><br>Niezmiennie jeste\u015bmy zdania, \u017ce naszym zawodniczkom, szczeg\u00f3lnie tym, kt\u00f3re rywalizuj\u0105 w rozgrywkach ligowych, potrzebna jest pomoc fizjoterapeuty. Z tego te\u017c powodu, Kobiecy Klub Sportowy &#8222;Wis\u0142a&#8221; podj\u0105\u0142 wsp\u00f3\u0142prac\u0119 z Melivium Gabinet Fizjoterapii Kamil Szadkowski.<br><br>Melivium to zesp\u00f3\u0142 wykwalifikowanych i pe\u0142nych pasji fizjoterapeut\u00f3w, kt\u00f3rych nadrz\u0119dnym celem jest codzienna troska o dobro pacjent\u00f3w i zapewnienie im szybkiego powrotu do zdrowia przy jednoczesnym d\u0105\u017ceniu do osi\u0105gni\u0119cia pe\u0142nej sprawno\u015bci fizycznej. Stosowane metody terapeutyczne i techniki fizjoterapeutyczne umo\u017cliwiaj\u0105 nie tylko eliminowanie objaw\u00f3w chor\u00f3b, lecz r\u00f3wnie\u017c przyczyn odpowiedzialnych za ich powstawanie. <br><br><\/p>\n\n\n\n<div class=\"wp-block-columns is-layout-flex wp-container-core-columns-is-layout-28f84493 wp-block-columns-is-layout-flex\">\n<div class=\"wp-block-column is-layout-flow wp-block-column-is-layout-flow\">\n<figure class=\"wp-block-image aligncenter size-large is-resized\"><a href=\"http:\/\/wisla.skoczow.pl\/wp-content\/uploads\/2022\/01\/kamil.jpg\"><img loading=\"lazy\" decoding=\"async\" width=\"768\" height=\"1024\" src=\"http:\/\/wisla.skoczow.pl\/wp-content\/uploads\/2022\/01\/kamil-768x1024.jpg\" alt=\"\" class=\"wp-image-7948\" style=\"width:186px;height:auto\" srcset=\"http:\/\/wisla.skoczow.pl\/wp-content\/uploads\/2022\/01\/kamil-768x1024.jpg 768w, http:\/\/wisla.skoczow.pl\/wp-content\/uploads\/2022\/01\/kamil-225x300.jpg 225w, http:\/\/wisla.skoczow.pl\/wp-content\/uploads\/2022\/01\/kamil-1152x1536.jpg 1152w, http:\/\/wisla.skoczow.pl\/wp-content\/uploads\/2022\/01\/kamil-96x128.jpg 96w, http:\/\/wisla.skoczow.pl\/wp-content\/uploads\/2022\/01\/kamil-24x32.jpg 24w, http:\/\/wisla.skoczow.pl\/wp-content\/uploads\/2022\/01\/kamil-1200x1600.jpg 1200w, http:\/\/wisla.skoczow.pl\/wp-content\/uploads\/2022\/01\/kamil.jpg 1536w\" sizes=\"auto, (max-width: 768px) 100vw, 768px\" \/><\/a><\/figure>\n<\/div>\n\n\n\n<div class=\"wp-block-column is-layout-flow wp-block-column-is-layout-flow\">\n<p><\/p>\n\n\n\n<p><\/p>\n\n\n\n<p class=\"has-lato-font-family has-normal-font-size\">Poni\u017cej dane kontaktowe :<br>www: <a href=\"https:\/\/www.facebook.com\/Melivium\" target=\"_blank\" rel=\"noreferrer noopener\">Melivium<\/a><br>adres: Pier\u015bciec ul. Skoczowska 68<br>telefon: 513 661 764 &#8211; Kamil Szadkowski<\/p>\n<\/div>\n<\/div>\n\n\n\n<p class=\"has-primary-color has-text-color has-link-color has-lato-font-family has-normal-font-size wp-elements-e7001b34f13a8ef430118da17d557fd9\" style=\"line-height:1.1\"><br><br>Celem wsp\u00f3\u0142pracy jest zapewnienie naszym zawodniczkom wizyty u fizjoterapeuty w przypadku kontuzji lub dolegliwo\u015bci spowodowanych uprawianiem pi\u0142ki no\u017cnej. Konsultacje oraz leczenie &#8211; 10 dni zabiegowych wykonywanych w gabinecie, po wcze\u015bniejszym wywiadzie, b\u0119dzie dla naszych zawodniczek p\u0142atne ze zni\u017ck\u0105 30% dla cyklu obejmuj\u0105cego wy\u0142\u0105cznie zabiegi fizykoterapeutyczne i ze zni\u017ck\u0105 35 % dla cyklu obejmuj\u0105cego zabiegi fizykoterapeutyczne z dzia\u0142aniami manualnymi. Natomiast godzina indywidualnej fizjoterapii wynosi\u0107 b\u0119dzie <strong>100 z\u0142 z czego po\u0142ow\u0119 pokryje klub<\/strong>. Oczywi\u015bcie, nie ka\u017cdy uraz wi\u0105\u017ce si\u0119 z konieczno\u015bci\u0105 wizyty u fizjoterapeuty, ale nierzadko potrzebna jest rehabilitacja lub pomoc w powrocie do pe\u0142nej sprawno\u015bci. <br><br>Pi\u0142ka no\u017cna to sport kontaktowy i czasami kontuzjogenny. Jeste\u015bmy przekonani, \u017ce profesjonalna opieka fizjoterapeutyczna oka\u017ce si\u0119 pomocna naszym zawodniczkom.<strong><span class=\"tadv-color\" style=\"color:#cf2e2e\"><\/span><\/strong><\/p>\n\n\n\n<p><span class=\"tadv-color\" style=\"color:#cf2e2e\"><\/span><\/p>\n","protected":false},"excerpt":{"rendered":"<p>NASZE ZASADY &gt;&gt;&gt;przeczytaj&lt;&lt; PRZEKA\u017b 1,5% NA KLUB KRS:&nbsp;0000 319668 &gt;&gt;&gt;wi\u0119cej informacji&lt;&lt;&lt; RODZICU ZADBAJ O ZDROWIE SWOJEJ C\u00d3RKIZalecenia zdrowotne &gt;&gt;&gt;wi\u0119cej informacji&lt;&lt;&lt;Ubi\u00f3r sportowca &gt;&gt;&gt;wi\u0119cej informacji&lt;&lt;&lt; RODO &gt;&gt;&gt; wi\u0119cej o przetwarzaniu danych osobowych w klubie&lt;&lt;&lt; Standardy ochrony dzieci w Kobiecym Klubie Sportowym &#8222;Wis\u0142a&#8221; w Skoczowie &gt;&gt;&gt; &#8222;Polityka Bezpiecze\u0144stwa Dzieci&#8221;&lt;&lt;&lt; Osob\u0105 zaufan\u0105 odpowiedzialn\u0105 za ochron\u0119 dziecka i przyjmowanie zg\u0142osze\u0144 [&hellip;]<\/p>\n","protected":false},"author":1,"featured_media":0,"parent":0,"menu_order":0,"comment_status":"closed","ping_status":"closed","template":"","meta":{"ngg_post_thumbnail":0,"footnotes":""},"class_list":["post-8287","page","type-page","status-publish","hentry"],"featured_image_url":[],"post_author":"admin","assigned_categories":"","_links":{"self":[{"href":"http:\/\/wisla.skoczow.pl\/index.php?rest_route=\/wp\/v2\/pages\/8287","targetHints":{"allow":["GET"]}}],"collection":[{"href":"http:\/\/wisla.skoczow.pl\/index.php?rest_route=\/wp\/v2\/pages"}],"about":[{"href":"http:\/\/wisla.skoczow.pl\/index.php?rest_route=\/wp\/v2\/types\/page"}],"author":[{"embeddable":true,"href":"http:\/\/wisla.skoczow.pl\/index.php?rest_route=\/wp\/v2\/users\/1"}],"replies":[{"embeddable":true,"href":"http:\/\/wisla.skoczow.pl\/index.php?rest_route=%2Fwp%2Fv2%2Fcomments&post=8287"}],"version-history":[{"count":104,"href":"http:\/\/wisla.skoczow.pl\/index.php?rest_route=\/wp\/v2\/pages\/8287\/revisions"}],"predecessor-version":[{"id":58644,"href":"http:\/\/wisla.skoczow.pl\/index.php?rest_route=\/wp\/v2\/pages\/8287\/revisions\/58644"}],"wp:attachment":[{"href":"http:\/\/wisla.skoczow.pl\/index.php?rest_route=%2Fwp%2Fv2%2Fmedia&parent=8287"}],"curies":[{"name":"wp","href":"https:\/\/api.w.org\/{rel}","templated":true}]}}